{"id":393,"date":"2017-08-17T11:06:13","date_gmt":"2017-08-17T11:06:13","guid":{"rendered":"http:\/\/kikiliolizdas.lt\/Restoranas\/?page_id=393"},"modified":"2025-12-09T14:19:40","modified_gmt":"2025-12-09T14:19:40","slug":"naujienosrimi","status":"publish","type":"page","link":"https:\/\/kikiliolizdas.lt\/Restoranas\/","title":{"rendered":"Naujienos"},"content":{"rendered":"<p>[vc_row css_animation=&#8221;&#8221; row_type=&#8221;row&#8221; use_row_as_full_screen_section=&#8221;no&#8221; type=&#8221;grid&#8221; angled_section=&#8221;no&#8221; text_align=&#8221;left&#8221; background_image_as_pattern=&#8221;without_pattern&#8221;][vc_column][qode_elements_holder number_of_columns=&#8221;two_columns&#8221;][qode_elements_holder_item advanced_animations=&#8221;no&#8221;][vc_empty_space height=&#8221;30px&#8221;][\/qode_elements_holder_item][qode_elements_holder_item item_padding=&#8221;20px 60px 0px 20px&#8221; advanced_animations=&#8221;no&#8221;][\/qode_elements_holder_item][\/qode_elements_holder][qode_elements_holder number_of_columns=&#8221;two_columns&#8221;][qode_elements_holder_item advanced_animations=&#8221;no&#8221;][vc_column_text]<\/p>\n<hr \/>\n<h3 class=\"p1\" style=\"text-align: center;\"><span class=\"s1\"><b>\u0160eimos kavin\u0117-vaik\u0173 \u017eaidim\u0173 kambarys\u00a0<\/b><\/span><\/h3>\n<h3 class=\"p1\" style=\"text-align: center;\"><span class=\"s1\"><b>&#8220;Kikilio lizdas&#8221;<\/b><\/span><\/h3>\n<p class=\"p1\" style=\"text-align: justify;\"><span class=\"s1\"><br \/>\nUkmerg\u0117s g. 369, prekybos centre &#8220;BIG VILNIUS&#8221; antrame auk\u0161te yra \u012fsik\u016brusi \u0161eimos kavin\u0117-\u017eaidim\u0173 kambarys &#8220;Kikilio lizdas&#8221;.\u00a0<\/span><\/p>\n<p class=\"p1\" style=\"text-align: justify;\"><span class=\"s1\">Vaiku\u010diams \u012frengta didel\u0117 pramog\u0173 zona, <strong><a href=\"https:\/\/www.youtube.com\/watch?v=ybNS20iFPzY\" target=\"_blank\" rel=\"noopener noreferrer\">&#8220;voro bok\u0161tas&#8221;<\/a><\/strong>, t\u0117veliams sukurta komforti\u0161ka bei jauki aplinka.<\/span><\/p>\n<p class=\"p1\" style=\"text-align: justify;\"><span class=\"s1\">&#8220;Kikilio lizde&#8221; galite m\u0117gautis m\u016bs\u0173 gaminamais gard\u017eiaisiais belgi\u0161kais vafliais,\u00a0 \u010dirviniais blyneliais ir kitais patiekalais!<\/span><\/p>\n<p class=\"p1\" style=\"text-align: justify;\"><span class=\"s1\">Pa\u017eadame Jus stebinti, tad sekite m\u016bs\u0173 naujienas <strong><a href=\"https:\/\/www.facebook.com\/kikiliolizdas\/\" target=\"_blank\" rel=\"noopener noreferrer\">facebook paskyroje<\/a><\/strong>.<\/span><\/p>\n<p>&nbsp;<\/p>\n<p><span style=\"color: #ff0000;\">D\u0117l apsilankymo si\u016blome susisiekti su mumis, kadangi priva\u010di\u0173 \u0161ven\u010di\u0173 metu klientai nepriimami. (Susisiekti galite telefonu, el.pa\u0161tu arba pasitikrinti m\u016bs\u0173 tos dienos darbo laik\u0105 Facebook paskyroje).<\/span>[\/vc_column_text][vc_empty_space height=&#8221;30px&#8221;][\/qode_elements_holder_item][qode_elements_holder_item item_padding=&#8221;20px 60px 0px 20px&#8221; advanced_animations=&#8221;no&#8221;][vc_single_image image=&#8221;1435&#8243; img_size=&#8221;large&#8221; qode_css_animation=&#8221;&#8221;][\/qode_elements_holder_item][\/qode_elements_holder][vc_empty_space height=&#8221;30px&#8221;][\/vc_column][vc_column][\/vc_column][\/vc_row][vc_row css_animation=&#8221;&#8221; row_type=&#8221;row&#8221; use_row_as_full_screen_section=&#8221;no&#8221; type=&#8221;full_width&#8221; angled_section=&#8221;no&#8221; text_align=&#8221;left&#8221; background_image_as_pattern=&#8221;without_pattern&#8221;][vc_column][vc_empty_space height=&#8221;70px&#8221;][\/vc_column][\/vc_row]<\/p>\n","protected":false},"excerpt":{"rendered":"<p>[vc_row css_animation=&#8221;&#8221; row_type=&#8221;row&#8221; use_row_as_full_screen_section=&#8221;no&#8221; type=&#8221;grid&#8221; angled_section=&#8221;no&#8221; text_align=&#8221;left&#8221; background_image_as_pattern=&#8221;without_pattern&#8221;][vc_column][qode_elements_holder number_of_columns=&#8221;two_columns&#8221;][qode_elements_holder_item advanced_animations=&#8221;no&#8221;][vc_empty_space height=&#8221;30px&#8221;][\/qode_elements_holder_item][qode_elements_holder_item item_padding=&#8221;20px 60px 0px 20px&#8221; advanced_animations=&#8221;no&#8221;][\/qode_elements_holder_item][\/qode_elements_holder][qode_elements_holder number_of_columns=&#8221;two_columns&#8221;][qode_elements_holder_item advanced_animations=&#8221;no&#8221;][vc_column_text] \u0160eimos kavin\u0117-vaik\u0173 \u017eaidim\u0173 kambarys\u00a0 &#8220;Kikilio lizdas&#8221; Ukmerg\u0117s g. 369, prekybos centre &#8220;BIG VILNIUS&#8221; antrame auk\u0161te yra \u012fsik\u016brusi \u0161eimos kavin\u0117-\u017eaidim\u0173 kambarys &#8220;Kikilio lizdas&#8221;.\u00a0 Vaiku\u010diams \u012frengta didel\u0117 pramog\u0173 zona,&#8230;<\/p>\n","protected":false},"author":1,"featured_media":0,"parent":0,"menu_order":0,"comment_status":"closed","ping_status":"closed","template":"","meta":[],"_links":{"self":[{"href":"https:\/\/kikiliolizdas.lt\/Restoranas\/wp-json\/wp\/v2\/pages\/393"}],"collection":[{"href":"https:\/\/kikiliolizdas.lt\/Restoranas\/wp-json\/wp\/v2\/pages"}],"about":[{"href":"https:\/\/kikiliolizdas.lt\/Restoranas\/wp-json\/wp\/v2\/types\/page"}],"author":[{"embeddable":true,"href":"https:\/\/kikiliolizdas.lt\/Restoranas\/wp-json\/wp\/v2\/users\/1"}],"replies":[{"embeddable":true,"href":"https:\/\/kikiliolizdas.lt\/Restoranas\/wp-json\/wp\/v2\/comments?post=393"}],"version-history":[{"count":141,"href":"https:\/\/kikiliolizdas.lt\/Restoranas\/wp-json\/wp\/v2\/pages\/393\/revisions"}],"predecessor-version":[{"id":2145,"href":"https:\/\/kikiliolizdas.lt\/Restoranas\/wp-json\/wp\/v2\/pages\/393\/revisions\/2145"}],"wp:attachment":[{"href":"https:\/\/kikiliolizdas.lt\/Restoranas\/wp-json\/wp\/v2\/media?parent=393"}],"curies":[{"name":"wp","href":"https:\/\/api.w.org\/{rel}","templated":true}]}}