{"id":1743,"date":"2020-09-09T12:34:22","date_gmt":"2020-09-09T12:34:22","guid":{"rendered":"http:\/\/kikiliolizdas.lt\/Restoranas\/?page_id=1743"},"modified":"2026-02-08T11:00:35","modified_gmt":"2026-02-08T11:00:35","slug":"kvietimo-forma","status":"publish","type":"page","link":"https:\/\/kikiliolizdas.lt\/Restoranas\/kvietimo-forma\/","title":{"rendered":"Kvietimo forma"},"content":{"rendered":"<p>[vc_row css_animation=&#8221;&#8221; row_type=&#8221;row&#8221; use_row_as_full_screen_section=&#8221;no&#8221; type=&#8221;full_width&#8221; angled_section=&#8221;no&#8221; text_align=&#8221;left&#8221; background_image_as_pattern=&#8221;without_pattern&#8221;][vc_column][vc_column_text]<\/p>\r\n<p><\/p>\r\n<div class=\"wp-block-group\">\r\n<div class=\"wp-block-group__inner-container\">\r\n<p><\/p>\r\n<h2 class=\"has-text-align-center\" style=\"text-align: center;\"><strong>Kvietimo forma<\/strong><\/h2>\r\n<p><img loading=\"lazy\" class=\"size-medium wp-image-2203 alignright\" src=\"http:\/\/kikiliolizdas.lt\/Restoranas\/wp-content\/uploads\/2026\/01\/KIKILIO-LIZDAS-kvietimas-1-212x300.jpg\" alt=\"\" width=\"212\" height=\"300\" srcset=\"https:\/\/kikiliolizdas.lt\/Restoranas\/wp-content\/uploads\/2026\/01\/KIKILIO-LIZDAS-kvietimas-1-212x300.jpg 212w, https:\/\/kikiliolizdas.lt\/Restoranas\/wp-content\/uploads\/2026\/01\/KIKILIO-LIZDAS-kvietimas-1-722x1024.jpg 722w, https:\/\/kikiliolizdas.lt\/Restoranas\/wp-content\/uploads\/2026\/01\/KIKILIO-LIZDAS-kvietimas-1-768x1089.jpg 768w, https:\/\/kikiliolizdas.lt\/Restoranas\/wp-content\/uploads\/2026\/01\/KIKILIO-LIZDAS-kvietimas-1-1083x1536.jpg 1083w, https:\/\/kikiliolizdas.lt\/Restoranas\/wp-content\/uploads\/2026\/01\/KIKILIO-LIZDAS-kvietimas-1-700x993.jpg 700w, https:\/\/kikiliolizdas.lt\/Restoranas\/wp-content\/uploads\/2026\/01\/KIKILIO-LIZDAS-kvietimas-1.jpg 1410w\" sizes=\"(max-width: 212px) 100vw, 212px\" \/><\/p>\r\n<p><\/p>\r\n<p><\/p>\r\n<div class=\"wp-block-group\">\r\n<div class=\"wp-block-group__inner-container\">\r\n<p><\/p>\r\n<div class=\"wp-block-spacer\" style=\"height: 20px;\" aria-hidden=\"true\">\u00a0<\/div>\r\n<p><\/p>\r\n<\/div>\r\n<\/div>\r\n<p><\/p>\r\n<\/div>\r\n<\/div>\r\n<p><\/p>\r\n<p style=\"text-align: left;\">\u010cia galite sukurti spalving\u0105 gimtadienio kvietim\u0105 ir pasidalinti juo su gimtadienio sve\u010diais.<\/p>\r\n<p>\u012e langelius \u017eemiau \u012fveskite sve\u010dio vard\u0105, gimtadienio dat\u0105 bei laik\u0105 ir telefono numer\u012f, kuriuo su jumis sve\u010diai gal\u0117t\u0173 susisiekti.<\/p>\r\n<p style=\"text-align: left;\"><span style=\"color: #333333;\">Paspauskite mygtuk\u0105 &#8220;Kurti&#8221;.<\/span><\/p>\r\n<p style=\"text-align: left;\"><span style=\"color: #333333;\">Atsidarius naujam PDF rodymo langui, kair\u0117je pus\u0117je apa\u010dioje paspauskite mygtuk\u0105 &#8220;Download&#8221; ir PDF kvietimas bus atsi\u0173stas \u012f J\u016bs\u0173 kompiuter\u012f.<\/span><\/p>\r\n<p style=\"text-align: left;\"><span style=\"color: #333333;\">J\u012f galite spausdinti ar dalintis elektroniniu formatu.<\/span><\/p>\r\n<p><\/p>\r\n<p><\/p>\r\n<p><\/p>\r\n<p><\/p>\r\n<div class=\"wp-block-columns\">\r\n<p><\/p>\r\n<div class=\"wp-block-column\" style=\"flex-basis: 66.66%;\"><div class=\"caldera-grid\" id=\"caldera_form_1\" data-cf-ver=\"1.9.2\" data-cf-form-id=\"CF5f58b261c04e4\"><div id=\"caldera_notices_1\" data-spinner=\"https:\/\/kikiliolizdas.lt\/Restoranas\/wp-admin\/images\/spinner.gif\"><\/div><form data-instance=\"1\" class=\"CF5f58b261c04e4 caldera_forms_form cfajax-trigger\" method=\"POST\" enctype=\"multipart\/form-data\" id=\"CF5f58b261c04e4_1\" data-form-id=\"CF5f58b261c04e4\" aria-label=\"Kvietimas\" data-target=\"#caldera_notices_1\" data-template=\"#cfajax_CF5f58b261c04e4-tmpl\" data-cfajax=\"CF5f58b261c04e4\" data-load-element=\"_parent\" data-load-class=\"cf_processing\" data-post-disable=\"0\" data-action=\"cf_process_ajax_submit\" data-request=\"https:\/\/kikiliolizdas.lt\/Restoranas\/cf-api\/CF5f58b261c04e4\" data-hiderows=\"true\">\r\n<input type=\"hidden\" id=\"_cf_verify_CF5f58b261c04e4\" name=\"_cf_verify\" value=\"c1a2086ef9\"  data-nonce-time=\"1776799186\" \/><input type=\"hidden\" name=\"_wp_http_referer\" value=\"\/Restoranas\/wp-json\/wp\/v2\/pages\/1743\" \/><div id=\"cf2-CF5f58b261c04e4_1\"><\/div><input type=\"hidden\" name=\"_cf_frm_id\" value=\"CF5f58b261c04e4\">\r\n<input type=\"hidden\" name=\"_cf_frm_ct\" value=\"1\">\r\n<input type=\"hidden\" name=\"cfajax\" value=\"CF5f58b261c04e4\">\r\n<input type=\"hidden\" name=\"_cf_cr_pst\" value=\"1743\">\r\n<div class=\"hide\" style=\"display:none; overflow:hidden;height:0;width:0;\">\r\n<label>Name<\/label><input type=\"text\" name=\"name\" value=\"\" autocomplete=\"off\">\r\n<\/div><div id=\"CF5f58b261c04e4_1-row-1\"  class=\"row  first_row\"><div  class=\"col-sm-12  single\"><div data-field-wrapper=\"fld_7753116\" class=\"form-group\" id=\"fld_7753116_1-wrap\">\r\n\t<label id=\"fld_7753116Label\" for=\"fld_7753116_1\" class=\"control-label\">Kvie\u010diamo asmens vardas (kreipinio forma)<\/label>\r\n\t<div class=\"\">\r\n\t\t<input    type=\"text\" data-field=\"fld_7753116\" class=\" form-control\" id=\"fld_7753116_1\" name=\"fld_7753116\" value=\"\" data-type=\"text\"   aria-labelledby=\"fld_7753116Label\" >\t\t\t<\/div>\r\n<\/div>\r\n<div data-field-wrapper=\"fld_7665811\" class=\"form-group\" id=\"fld_7665811_1-wrap\">\r\n\t<label id=\"fld_7665811Label\" for=\"fld_7665811_1\" class=\"control-label\">Gimtadienio data bei laikas<\/label>\r\n\t<div class=\"\">\r\n\t\t<input    type=\"text\" data-field=\"fld_7665811\" class=\" form-control\" id=\"fld_7665811_1\" name=\"fld_7665811\" value=\"\" data-type=\"text\"   aria-labelledby=\"fld_7665811Label\" >\t\t\t<\/div>\r\n<\/div>\r\n<div data-field-wrapper=\"fld_3133335\" class=\"form-group\" id=\"fld_3133335_1-wrap\">\r\n\t<label id=\"fld_3133335Label\" for=\"fld_3133335_1\" class=\"control-label\">Kontaktinis telefono numeris<\/label>\r\n\t<div class=\"\">\r\n\t\t<input    type=\"text\" data-field=\"fld_3133335\" class=\" form-control\" id=\"fld_3133335_1\" name=\"fld_3133335\" value=\"\" data-type=\"text\"   aria-labelledby=\"fld_3133335Label\" >\t\t\t<\/div>\r\n<\/div>\r\n<\/div><\/div><div id=\"CF5f58b261c04e4_1-row-2\"  class=\"row  last_row\"><div  class=\"col-sm-12  single\"><div data-field-wrapper=\"fld_4783960\" class=\"form-group\" id=\"fld_4783960_1-wrap\">\r\n<div class=\"\">\r\n\t<input  class=\"btn btn-default\" type=\"submit\" name=\"fld_4783960\" id=\"fld_4783960_1\" value=\"Kurti\" data-field=\"fld_4783960\"  >\n<\/div>\r\n<\/div>\r\n\t<input class=\"button_trigger_1\" type=\"hidden\" name=\"fld_4783960\" id=\"fld_4783960_1_btn\" value=\"\" data-field=\"fld_4783960\"  \/>\n<\/div><\/div><\/form>\r\n<\/div>\r\n<\/div>\r\n<p><\/p>\r\n<p><\/p>\r\n<div class=\"wp-block-column\" style=\"flex-basis: 33.33%;\">\r\n<p><\/p>\r\n<p><\/p>\r\n<\/div>\r\n<p><\/p>\r\n<\/div>\r\n<p><\/p>\r\n<p>[\/vc_column_text][\/vc_column][\/vc_row]<\/p>","protected":false},"excerpt":{"rendered":"<p>[vc_row css_animation=&#8221;&#8221; row_type=&#8221;row&#8221; use_row_as_full_screen_section=&#8221;no&#8221; type=&#8221;full_width&#8221; angled_section=&#8221;no&#8221; text_align=&#8221;left&#8221; background_image_as_pattern=&#8221;without_pattern&#8221;][vc_column][vc_column_text] \u010cia galite sukurti spalving\u0105 gimtadienio kvietim\u0105 ir pasidalinti juo su gimtadienio sve\u010diais. \u012e langelius \u017eemiau \u012fveskite sve\u010dio vard\u0105, gimtadienio dat\u0105 bei laik\u0105 ir telefono numer\u012f, kuriuo su jumis sve\u010diai gal\u0117t\u0173 susisiekti. Paspauskite mygtuk\u0105 &#8220;Kurti&#8221;. Atsidarius naujam PDF&#8230;<\/p>\n","protected":false},"author":1,"featured_media":0,"parent":0,"menu_order":0,"comment_status":"closed","ping_status":"closed","template":"","meta":[],"_links":{"self":[{"href":"https:\/\/kikiliolizdas.lt\/Restoranas\/wp-json\/wp\/v2\/pages\/1743"}],"collection":[{"href":"https:\/\/kikiliolizdas.lt\/Restoranas\/wp-json\/wp\/v2\/pages"}],"about":[{"href":"https:\/\/kikiliolizdas.lt\/Restoranas\/wp-json\/wp\/v2\/types\/page"}],"author":[{"embeddable":true,"href":"https:\/\/kikiliolizdas.lt\/Restoranas\/wp-json\/wp\/v2\/users\/1"}],"replies":[{"embeddable":true,"href":"https:\/\/kikiliolizdas.lt\/Restoranas\/wp-json\/wp\/v2\/comments?post=1743"}],"version-history":[{"count":28,"href":"https:\/\/kikiliolizdas.lt\/Restoranas\/wp-json\/wp\/v2\/pages\/1743\/revisions"}],"predecessor-version":[{"id":2207,"href":"https:\/\/kikiliolizdas.lt\/Restoranas\/wp-json\/wp\/v2\/pages\/1743\/revisions\/2207"}],"wp:attachment":[{"href":"https:\/\/kikiliolizdas.lt\/Restoranas\/wp-json\/wp\/v2\/media?parent=1743"}],"curies":[{"name":"wp","href":"https:\/\/api.w.org\/{rel}","templated":true}]}}